 3*w - c + 5*c - 32. What are the prime factors of w?
2, 3
Let l = 248 + -236. List the prime factors of l.
2, 3
Let l(o) = -2*o + 12. Let y be l(6). Suppose y = 3*b + 3, -3*a + b = -163. Suppose -d - a = -2*d. What are the prime factors of d?
2, 3
Let c(l) be the second derivative of -l**4/12 + 5*l**3/2 - 9*l**2/2 - 15*l. What are the prime factors of c(10)?
41
List the prime factors of ((-2)/2)/(888/178 - 5).
89
What are the prime factors of (67 - 1)*((-765)/(-18) - 7)?
3, 11, 71
Suppose 8*a + 23 = -41. List the prime factors of a*((-3)/14)/(2/21).
2, 3
Suppose 105*f - 12015 = 100*f. List the prime factors of f.
3, 89
Let v(k) = 14*k**2 + 2*k + 3. Let u be ((-14)/56)/((-1)/(-4)). Let n be v(u). Let i(j) = j**3 - 14*j**2 - 13*j + 1. What are the prime factors of i(n)?
31
Suppose h = -66 - 58. Let l = -52 - h. Suppose -l = 2*m - 3*m + 3*v, 3*v - 216 = -3*m. List the prime factors of m.
2, 3
Suppose -57*f + 60*f - 9120 = 3*b, 2*b = -4*f + 12184. What are the prime factors of f?
2, 761
Let v = 50 - 119. Let s = -15 - v. List the prime factors of (-4)/18 - (-714)/s.
13
Suppose 9*l - 18*l - 2439 = 0. Let d = l + 469. List the prime factors of d.
2, 3, 11
Let h(i) = -i - 9. Let a be h(-9). What are the prime factors of (a - -198) + 23 + -27?
2, 97
Suppose -11*h = -22*h + 594. Let r be (26 + -2)*(-11)/(-3). Let x = r - h. What are the prime factors of x?
2, 17
Let o(k) = -99*k - 2. Suppose -5*t = -4*f + 6, t - 6*t = -f + 9. What are the prime factors of o(f)?
97
Suppose 2 + 4 = 2*w, 4*p = 4*w + 12. Suppose 300 = -4*d + p*d. What are the prime factors of d?
2, 3, 5
Let u = -438 + 959. List the prime factors of u.
521
Suppose -4*a + 28 = 4*l, -7 = -4*a + l + 1. Suppose a*v = -5*f + 565, -5*f + 5*v + 565 = 3*v. What are the prime factors of f?
113
Let g be (-1 + (-21)/(-9))*6. Let z = g + 11. Suppose -r - z = -72. List the prime factors of r.
53
Let k(d) = -2*d**3 - 8*d**2 + 8. Let n be k(-8). What are the prime factors of (-8)/(-36) + (-3)/(-27)*n?
2, 29
Let l(s) = -4 + 6 + 3*s - 5. Let w be l(2). Suppose -a + 11 = -k, -w*a - 2*k + k = -25. List the prime factors of a.
3
List the prime factors of (-21801)/130*-2 - (-3)/5.
2, 3, 7
Let u = 1 - 0. Let k = 100 + -95. Suppose 0 = -k*f - 2*d + 8, u = 2*f + 5*d + 2. List the prime factors of f.
2
Let m be -38 - (60/8)/5*-2. What are the prime factors of 60/9*(-63)/m?
2, 3
Suppose 7*z - 17 = 25. Suppose -z*w + 2*w = -400. What are the prime factors of w?
2, 5
Suppose 73 = -4*z + 1345. List the prime factors of z.
2, 3, 53
Suppose 0 = 5*f - 2*y - y + 295, y - 5 = 0. What are the prime factors of (-3262)/f + 2/(-8)?
2, 29
Suppose 1849 - 105 = 8*u. What are the prime factors of u?
2, 109
Let l(f) = 10*f + 5. Let z be l(-6). Let p = z - -29. Let a = p - -30. List the prime factors of a.
2
Suppose 9*w - 5*w = -20, 0 = j + 3*w - 3769. List the prime factors of j.
2, 11, 43
Let d(o) = o**2 - 8*o + 6. Let s(q) = -3*q**2 + 23*q - 18. Let p(n) = -11*d(n) - 4*s(n). Let u be p(6). What are the prime factors of (-9)/u + (-53)/(-2)?
2, 13
Let l(i) = -7*i**2 + i + 2. Let o(j) = 8*j**2 - 3. Let q(v) = -6*l(v) - 5*o(v). Suppose -u = -3*u + 10. List the prime factors of q(u).
23
Let d = 11 - 11. Let u be (d/(-1) - 2) + 6. Suppose -u*z + 83 + 33 = 0. What are the prime factors of z?
29
Let s be (-7)/21 - 26/3. Let k be 4*(-46)/12*s. Suppose 5*t - k = -18. What are the prime factors of t?
2, 3
What are the prime factors of -8*(-6 - 19/2)?
2, 31
Let y be 6 + 7/(35/(-10)). Let f = -24 - -74. Suppose -2*c - f = -y*c. What are the prime factors of c?
5
Suppose -3*z - 7 = -m + 2*z, 0 = m + 3*z - 7. Suppose v = r + m - 94, -4*v + 282 = 3*r. What are the prime factors of r?
2, 3, 5
Let j(v) = -6*v**3 - 5*v**2 - 6*v + 14. What are the prime factors of j(-6)?
2, 11, 53
Suppose -5*c + 3*u = -2*u + 10, 0 = -4*c + 5*u - 3. Let m be (-33)/c + 2/7. Let g(f) = -f**3 + 7*f**2 - 8*f + 4. List the prime factors of g(m).
2, 7
Suppose -5*z + 14 + 16 = 0. Let x(n) = 4*n**2 - 7*n - 10. List the prime factors of x(z).
2, 23
Let y be (-8 - -10)*8/(-2). Let d be (-2 - -5)/((-6)/y). Suppose -2*a + 2*f = -0*f - 80, 5*a + d*f = 200. List the prime factors of a.
2, 5
Let n(u) = -3 + u**3 + 155*u + 8*u**2 - 4 - 159*u. List the prime factors of n(-3).
2, 5
Let h = 209 - 131. Suppose 2*a = d + 5*a - 79, h = d + 2*a. List the prime factors of d.
2, 19
Suppose a + 2*y - 346 = 0, 5*a + 387 = 3*y + 2052. List the prime factors of a.
2, 3, 7
Let y(g) = 3*g**3 - g**2 - 9*g - 15. Let w(p) = -p**3 + p**2 + 5*p + 7. Let m(f) = -5*w(f) - 2*y(f). List the prime factors of m(-6).
5, 29
Let b be (1 - -1) + 1 - (-26 - -20). Suppose s + 2*s = r + 11, 3*r - 3*s = -3. Suppose b*m = r*m + 185. List the prime factors of m.
37
Suppose 6*u = 33*u - 53460. What are the prime factors of u?
2, 3, 5, 11
Suppose -11 = -5*f + 19. Suppose 0 = f*c - 4*c - 6. Suppose k - 5 - 5 = w, 2*w + 35 = c*k. What are the prime factors of k?
3, 5
Suppose 2*f + 0*f - 8 = 0. Suppose k - f = -14. List the prime factors of ((-6)/k)/((-3)/(-15)).
3
Let q = -86 + 38. Suppose -5*b = 5*x + 1 + 9, 0 = -4*x + 2*b + 22. What are the prime factors of x/4 + (-3228)/q?
2, 17
Let h(y) = 5*y - 38. Suppose 9*k + k = 90. List the prime factors of h(k).
7
Let p(u) = -u**3 + u**2 + u + 7. Let t be p(3). What are the prime factors of (-1)/((11/1155)/(t/5))?
2, 3, 7
Let i(z) = -14*z**3 + 3*z**2 - z + 2. Let x(h) = 6*h - 2. Let q be x(0). List the prime factors of i(q).
2
Suppose -k = 2*t - 113, 4*k + 2*t = 4*t + 462. List the prime factors of k.
5, 23
Let s(d) = d**3 - 10*d**2 - 7*d + 12. Let y be (-22)/3*9/(-6). List the prime factors of s(y).
2, 7
Let o be 45/(-30)*4/(-6). Let n be ((-9)/6)/(o/(-14)). Suppose 3*x = 3 + n. What are the prime factors of x?
2
List the prime factors of (-32)/(-24) - (-5)/((-15)/(-3221)).
5, 43
Let n be (5 + 0)/15*12/4. Let a(b) = 19*b**3 - b**2 - b + 1. List the prime factors of a(n).
2, 3
Let o = 469 + 2756. List the prime factors of o.
3, 5, 43
Let h be 2/(-4) + (-40)/(-16). Suppose h*d = 11 + 45. What are the prime factors of d?
2, 7
Let d(k) = k**3 + 2*k**2 - 15*k + 5. Let r be d(-5). Suppose 4*h = -m + 689, r*m + 813 - 130 = 4*h. What are the prime factors of h?
2, 43
Suppose 2*w - 56 = w. Let a = w + -30. What are the prime factors of a?
2, 13
Let b = 42 + -43. What are the prime factors of (1/(-4) + b)*-64?
2, 5
Suppose 0*c + 4*c - 12 = 0. Suppose 3*w = c*h - 120, 31 + 54 = 3*h + 4*w. Suppose -h + 4 = -s. What are the prime factors of s?
31
Suppose -45*x + 58*x = 32383. List the prime factors of x.
47, 53
Suppose 4*y - 5*f = -y + 5, 5*f - 3 = y. Suppose -2*p + 259 = 2*p - 5*i, -y*p + 5*i = -117. List the prime factors of p.
71
Suppose -4*m + s - 5 = 0, 25 = -s + 6*s. Suppose -t = -m*t. Suppose -3*b - 4*x = -2*x, -b + 2*x + 8 = t. What are the prime factors of b?
2
Suppose -12 = -10*g + 8*g. Suppose 0 = -g*u + 83 + 25. List the prime factors of u.
2, 3
Let z = 418 + 138. List the prime factors of z.
2, 139
Suppose 2*j = 4*p - 192, -2*p + 3*j = 8*j - 72. What are the prime factors of p/(-69) + 1*(-212)/(-3)?
2, 5, 7
Let h = -79 + 84. Suppose 8*b = 7*b - 3*s + 64, -s + 390 = h*b. What are the prime factors of b?
79
Let m be (1 - -2)/((-7)/14). Let b = -3 - m. Let v = b + 9. List the prime factors of v.
2, 3
Suppose 8*h + 421 = 1773. Suppose 11*x - h = 1393. List the prime factors of x.
2, 71
Let b(p) be the first derivative of -p**3/3 - 7*p**2/2 - 9*p - 1. Let f be b(-7). Let y = f - -11. What are the prime factors of y?
2
Let o(w) = -8*w + 3. Let h be o(-3). Suppose 4*x + 5*i = h, 4*x - 40 + 9 = -i. List the prime factors of x.
2
Suppose -6*z - 5*o + 2866 = -3*z, 0 = -z - 3*o + 954. What are the prime factors of z?
3, 11, 29
Let c = 257 + -252. Let v be (-1683)/(-12) + 1/(-4). Suppose 45 + v = c*l. What are the prime factors of l?
37
Let m be 14/35 - (-174)/15. Let f = 187 - m. What are the prime factors of f?
5, 7
Suppose -4*q = -2*v - 10, 4*q - q + 5*v = 14. Suppose 104 = q*d - 67. List the prime factors of d.
3, 19
Let v(d) = 79*d + 637. List the prime factors of v(12).
5, 317
Let o = 386 - 222. What are the prime factors of (6/8 + 0)*o?
3, 41
Let z(i) = -232*i - 8 + 227*i - 3*i**2 - i**3 + 12*i**2. Let s = -15 - -23. What are the prime factors of z(s)?
2
Let a = -272 + 642. Sup